{"id":79,"date":"2016-08-22T21:52:27","date_gmt":"2016-08-22T21:52:27","guid":{"rendered":"https:\/\/oceanwp.org\/simple\/product\/speedmaster-moon-watch\/"},"modified":"2021-02-28T01:20:49","modified_gmt":"2021-02-28T01:20:49","slug":"moringa-oleifera","status":"publish","type":"product","link":"https:\/\/serinar.es\/purificacion\/producto\/moringa-oleifera\/","title":{"rendered":"Moringa Oleifera"},"content":{"rendered":"<div>PRESENTACI\u00d3N Y COMPOSICI\u00d3N:<\/div>\n<div>\n<p>Envase de 100 c\u00e1psulas de 440mg. Contiene: Moringa Oleifera e.s. (10:1),\u00a0Di\u00f3xido de silicio, Estearato de magnesio. C\u00e1psula vegetal.<\/p>\n<\/div>\n<div>La Moringa presenta un alto contenido de prote\u00ednas, vitaminas, minerales y una cantidad excepcional de antioxidantes que le<\/div>\n<div>confieren cualidades sobresalientes en la nutrici\u00f3n y salud. Pr\u00e1cticamente toda las estructuras del \u00e1rbol tienen propiedades,<\/div>\n<div>pero las hojas, los frutos y las semillas merecen una atenci\u00f3n especial. Es una de las fuentes m\u00e1s poderosas de antioxidantes<\/div>\n<div>naturales, de esta manera contribuye a proteger el cuerpo neutralizando los efectos desgastantes de los radicales libres. Limpia<\/div>\n<div>el cuerpo de toxinas, purifica los ri\u00f1ones, ayudan a fortalecer el sistema inmunol\u00f3gico, a reconstruir los gl\u00f3bulos rojos en la sangre<\/div>\n<div>y a rejuvenecer el cuerpo a nivel celular. Incrementa las defensas naturales del cuerpo, ayuda en el buen funcionamiento del<\/div>\n<div>h\u00edgado los ri\u00f1ones, act\u00faa como anti-inflamatorio, promueve una correcta digesti\u00f3n, ayuda a regular los niveles de az\u00facar en la<\/div>\n<div>\n<p>sangre y promueve la estructura celular del organismo.<\/p>\n<\/div>\n<div>\n<p>MODO DE EMPLEO:<\/p>\n<\/div>\n<div>\n<p>Tomar 1-2 c\u00e1psulas al d\u00eda, repartidas con las principales comidas.<\/p>\n<\/div>\n<div>\n<p>ADVERTENCIAS:<\/p>\n<\/div>\n<div>No recomendado durante el embarazo y la lactancia ni para personas con des\u00f3rdenes<\/div>\n<div>de sangrado.<\/div>\n","protected":false},"excerpt":{"rendered":"<p>PRESENTACI\u00d3N Y COMPOSICI\u00d3N: Envase de 100 c\u00e1psulas de 440mg. Contiene: Moringa Oleifera e.s. (10:1),\u00a0Di\u00f3xido de silicio, Estearato de magnesio. C\u00e1psula vegetal. La Moringa presenta un alto contenido de prote\u00ednas, vitaminas, minerales y una cantidad excepcional de antioxidantes que le confieren cualidades sobresalientes en la nutrici\u00f3n y salud. Pr\u00e1cticamente toda las estructuras del \u00e1rbol tienen propiedades, [&hellip;]<\/p>\n","protected":false},"featured_media":1086,"comment_status":"open","ping_status":"closed","template":"","meta":[],"class_list":{"0":"post-79","1":"product","2":"type-product","3":"status-publish","4":"has-post-thumbnail","5":"hentry","6":"product_cat-complementos-alimenticios","7":"product_cat-productos","8":"product_tag-complementos-alimenticios","9":"product_tag-herbolario","11":"entry","12":"has-media","13":"owp-thumbs-layout-horizontal","14":"owp-btn-normal","15":"owp-tabs-layout-horizontal","16":"has-no-thumbnails","17":"has-product-nav"},"_links":{"self":[{"href":"https:\/\/serinar.es\/purificacion\/wp-json\/wp\/v2\/product\/79","targetHints":{"allow":["GET"]}}],"collection":[{"href":"https:\/\/serinar.es\/purificacion\/wp-json\/wp\/v2\/product"}],"about":[{"href":"https:\/\/serinar.es\/purificacion\/wp-json\/wp\/v2\/types\/product"}],"replies":[{"embeddable":true,"href":"https:\/\/serinar.es\/purificacion\/wp-json\/wp\/v2\/comments?post=79"}],"version-history":[{"count":2,"href":"https:\/\/serinar.es\/purificacion\/wp-json\/wp\/v2\/product\/79\/revisions"}],"predecessor-version":[{"id":1554,"href":"https:\/\/serinar.es\/purificacion\/wp-json\/wp\/v2\/product\/79\/revisions\/1554"}],"wp:featuredmedia":[{"embeddable":true,"href":"https:\/\/serinar.es\/purificacion\/wp-json\/wp\/v2\/media\/1086"}],"wp:attachment":[{"href":"https:\/\/serinar.es\/purificacion\/wp-json\/wp\/v2\/media?parent=79"}],"curies":[{"name":"wp","href":"https:\/\/api.w.org\/{rel}","templated":true}]}}