{"id":83,"date":"2016-08-22T22:01:48","date_gmt":"2016-08-22T22:01:48","guid":{"rendered":"https:\/\/oceanwp.org\/simple\/product\/steel-aquaracer-watch\/"},"modified":"2021-02-28T01:20:12","modified_gmt":"2021-02-28T01:20:12","slug":"piperine-forte","status":"publish","type":"product","link":"https:\/\/serinar.es\/purificacion\/producto\/piperine-forte\/","title":{"rendered":"Piperine Forte"},"content":{"rendered":"<div>\n<div>PRESENTACION Y COMPOSICION<\/div>\n<div>Envase de 60 capsulas, peso neto: 458,76 mg. Contiene: fructooligosacaridos, clavo e.s., piper nigrum (titulado al 95% de piperina), cayena en polvo, Picolinato de cromo, celulosa microcristalina,\u00a0di\u00f3xido\u00a0de silicio y estearato de magnesio. Capsula vegetal.<\/div>\n<div><\/div>\n<div>La Piperina, principio activo de la pimienta negra, es un fitoqu\u00edmico que aumenta el ritmo<\/div>\n<div>del metabolismo y, por lo tanto, favorece la quema de calor\u00edas, lo que nos ayuda a perder<\/div>\n<div>peso; adem\u00e1s, la pimienta negra restringe la formaci\u00f3n de nuevas c\u00e9lulas de grasa. Sus<\/div>\n<div>beneficios se extienden a una eficaz prevenci\u00f3n en la retenci\u00f3n de l\u00edquidos.<\/div>\n<div>Los fructooligosac\u00e1ridos son un tipo de fibra soluble que se encuentra de forma natural en<\/div>\n<div>numerosos alimentos vegetales. Se ha observado que estas sustancias incrementan la<\/div>\n<div>sensaci\u00f3n de saciedad al estimular la producci\u00f3n intestinal de p\u00e9ptidos saciantes.<\/div>\n<div>Para mejorar la absorci\u00f3n de los ingredientes mencionados, a\u00f1adimos Cayena, que tiene<\/div>\n<div>propiedades digestivas. Estimula el tracto digestivo, aumentando el flujo de producci\u00f3n de<\/div>\n<div>enzimas y jugos g\u00e1stricos, que ayuda al cuerpo a metabolizar los alimentos que<\/div>\n<div>consumimos, con lo que potencia el efecto de los ingredientes que lo acompa\u00f1an.<\/div>\n<\/div>\n<div><\/div>\n<div>MODO DE EMPLEO.<\/div>\n<div>Tomar una capsula antes del desayuno y una capsula antes de la comida.<\/div>\n","protected":false},"excerpt":{"rendered":"<p>PRESENTACION Y COMPOSICION Envase de 60 capsulas, peso neto: 458,76 mg. Contiene: fructooligosacaridos, clavo e.s., piper nigrum (titulado al 95% de piperina), cayena en polvo, Picolinato de cromo, celulosa microcristalina,\u00a0di\u00f3xido\u00a0de silicio y estearato de magnesio. Capsula vegetal. La Piperina, principio activo de la pimienta negra, es un fitoqu\u00edmico que aumenta el ritmo del metabolismo y, [&hellip;]<\/p>\n","protected":false},"featured_media":317,"comment_status":"open","ping_status":"closed","template":"","meta":[],"class_list":{"0":"post-83","1":"product","2":"type-product","3":"status-publish","4":"has-post-thumbnail","5":"hentry","6":"product_cat-dietas-de-control-de-peso","7":"product_cat-productos","8":"product_tag-dietas-de-control-de-peso","9":"product_tag-herbolario","11":"entry","12":"has-media","13":"owp-thumbs-layout-horizontal","14":"owp-btn-normal","15":"owp-tabs-layout-horizontal","16":"has-no-thumbnails","17":"has-product-nav"},"_links":{"self":[{"href":"https:\/\/serinar.es\/purificacion\/wp-json\/wp\/v2\/product\/83","targetHints":{"allow":["GET"]}}],"collection":[{"href":"https:\/\/serinar.es\/purificacion\/wp-json\/wp\/v2\/product"}],"about":[{"href":"https:\/\/serinar.es\/purificacion\/wp-json\/wp\/v2\/types\/product"}],"replies":[{"embeddable":true,"href":"https:\/\/serinar.es\/purificacion\/wp-json\/wp\/v2\/comments?post=83"}],"version-history":[{"count":2,"href":"https:\/\/serinar.es\/purificacion\/wp-json\/wp\/v2\/product\/83\/revisions"}],"predecessor-version":[{"id":1550,"href":"https:\/\/serinar.es\/purificacion\/wp-json\/wp\/v2\/product\/83\/revisions\/1550"}],"wp:featuredmedia":[{"embeddable":true,"href":"https:\/\/serinar.es\/purificacion\/wp-json\/wp\/v2\/media\/317"}],"wp:attachment":[{"href":"https:\/\/serinar.es\/purificacion\/wp-json\/wp\/v2\/media?parent=83"}],"curies":[{"name":"wp","href":"https:\/\/api.w.org\/{rel}","templated":true}]}}